- 6*z. Determine a(-1).
31
Let d = 33 + -25. Suppose 16 = 6*y - d. Let m(r) = r**3 - 5*r**2 + 3*r - 2. Calculate m(y).
-6
Let m be (0 - 0)*1/2. Let r = m - 0. Let o(a) be the third derivative of -a**5/60 - a**4/24 + 4*a**3/3 + 7*a**2. Give o(r).
8
Let l = 62 + 13. Let m(x) = -7*x**2 + 8*x**2 + l*x - 76*x. What is m(-2)?
6
Suppose 5*m - 2 = 3. Let g be m/3 + (-28)/(-6). Suppose 5*n = g*k + 35, n - 17 = 5*k + 2*n. Let d(y) = -y - 7. Calculate d(k).
-3
Let g be 6/(-1) - (116 + -131). Let p(d) = d + 1 - 3 - 1. Determine p(g).
6
Let n(o) = 0 + 1 - o**3 - 5 + o**2 - o**2 - 2*o**2. What is n(-2)?
-4
Let c(m) = -m**3 + 3*m**2 + m - 1. Let w be c(3). Let b(d) = -3*d - 74 + 6*d + 75. Let z(n) = -3*n. Let u(o) = 3*b(o) + 4*z(o). Give u(w).
-3
Let o(p) = p. Let z(n) be the first derivative of n**2 + 16. Let j(a) = 4*o(a) - z(a). Calculate j(1).
2
Let t(a) = a**2 + a + 1. Let v(i) = i**3 - 12*i**2 - 14*i + 6. Let w(j) = -4*j**3 + j**2 - 2*j + 1. Let s be w(1). Let g(z) = s*t(z) - v(z). Give g(9).
-1
Let q(u) = -53 + 7*u - 6*u**2 + 60 - u**3 + 2*u**2. Let a(j) = -5*j. Suppose i = -3*c - 3*i - 5, 0 = 4*c - i - 6. Let b be a(c). Determine q(b).
-3
Let f(x) = -20*x - 14. Let m be f(-3). Let p(z) = 25*z**3 + 23*z**3 - m*z**3. Calculate p(1).
2
Let b(y) = y - 11. Let h(t) = t**2 + 2*t - 2. Let q be h(3). Let o be b(q). Let a(f) = f**2 - f + 1. Determine a(o).
3
Let s(z) = z**2 - z + 3. Let a be s(0). Let g be (-2)/(-2)*(a + -4). Let b(j) = -7*j + 70 - 70. Determine b(g).
7
Let z(l) = -7*l + 3. Let o be 2/((-16)/4 - -5). Suppose o*n + 9 = 5*n. Let f be 2 + 1*3/n. Calculate z(f).
-18
Let z(h) = -7*h + 193. Let v be z(26). Let p(a) = -2*a + 10. What is p(v)?
-12
Let d(f) = -f**2 + 3*f + 3. Let g(v) = v**3 + 11*v**2 - 2. Let z = -13 - -35. Suppose -5*n - 4*a - z - 25 = 0, n + 9 = -a. Let k be g(n). Determine d(k).
-7
Suppose 5*g - 26 = -11. Let p(k) = 3*k. What is p(g)?
9
Let c be 2*(4/2 + -1). Suppose 0 = 3*q + 2*q - 10. Let v(h) = -94 - 3*h + q*h + 92 + 2*h**2. Calculate v(c).
4
Let m = 852 - 855. Let d(l) = 4*l + 18. Give d(m).
6
Let l(g) = -2*g**3 - 4*g - 4 + 7*g**2 - 4*g**2 + 2*g**3 + g**3. Let o be l(-4). Let m = o + 7. Let i(c) = c**2 - c - 3. Calculate i(m).
3
Let q(g) be the third derivative of 7/24*g**4 + 3/40*g**5 + 0*g - 1/720*g**6 + 3*g**2 + 0*g**3 + 0. Let c(a) be the second derivative of q(a). What is c(7)?
2
Let a(g) be the first derivative of g**4 - g**2/2 + 1. Let n(x) = x**3 + 21*x**2 - 25*x - 67. Let s be n(-22). Calculate a(s).
-3
Let o = 5 - 4. Let m(p) = -7*p - 2*p - 4*p**2 + 0*p + 10*p + 1. Let v(q) = q**2 + 1. Let h(l) = o*m(l) - v(l). Calculate h(1).
-4
Let a(m) = 4 + 110*m - 218*m + 107*m. Suppose -4*z = -5*c - 24, 0 = -3*c + 4*z - 8 - 8. Determine a(c).
8
Let s be 1/(-2) + 5/2. Suppose 4*b - 3*b + 4 = s*z, 6 = -3*b + 4*z. Let p(v) = 2*v**2 - 2*v - 2. Give p(b).
2
Let t = -561 + 560. Let i(s) = 4*s + 3. What is i(t)?
-1
Suppose 8*r - 843 = -851. Let b(g) = -22*g**2 + 2*g + 1. Give b(r).
-23
Let w be ((-22)/(-154) + (-1)/7)/(-1). Let j(d) = d**3 + d**2 - d + 4. Give j(w).
4
Suppose 2*c - 11 = 4*c + 3*s, -2 = 5*c - s. Let u(o) = 35*o**3 + 9*o**2 + 4*o + 2. Let f(n) = 18*n**3 + 5*n**2 + 2*n + 1. Let b(t) = 5*f(t) - 3*u(t). Give b(c).
14
Let l(a) = 36*a**2 - 7 - 112*a**2 + 32*a**2 + 43*a**2 - a. Calculate l(-4).
-19
Let b(f) = -f**3 + 6*f**2 + 8*f - 5. Let v be b(7). Suppose 8 = v*g + 2*g. Let m(s) = 1 - s**2 + 0 - 2. Give m(g).
-5
Let g(d) be the third derivative of -d**6/120 + d**5/20 - d**4/24 - d**3/2 - 13*d**2. Suppose -3*c = -c - 6. What is g(c)?
-6
Let t(x) = x**3 + x**2 + x. Let i(p) = 3*p**3 + 3*p + 2. Let d(j) = -i(j) + t(j). Calculate d(-1).
3
Let m be (-24)/(-14)*((-1050)/(-20))/15. Let s(n) = n - 16. Calculate s(m).
-10
Let d(j) = -54*j - 77. Let z(p) = -31*p - 39. Let l(m) = -4*d(m) + 7*z(m). Give l(16).
19
Let n(f) = f**3 + 16*f**2 + 55*f + 2. Let h be n(-5). Let j(p) be the first derivative of p**3 - p**2/2 + p - 1. Give j(h).
11
Let u be -7 - (0 - (13 - 6)). Let r(v) = v**2 + 11. What is r(u)?
11
Let d = 25 + -22. Let w(z) = -22*z + d + 1 + 8*z + 15*z. Determine w(-5).
-1
Let b(p) = -5*p + 13. Let n(d) = 2*d - 5. Let f(r) = -8*b(r) - 22*n(r). Calculate f(5).
-14
Let k(i) = 3*i**3 + 12*i**2 + 5*i + 15. Let m(v) = -v**3 - 4*v**2 - 2*v - 5. Let a(g) = -2*k(g) - 7*m(g). Let d = -35 + 31. What is a(d)?
-11
Let o(i) = 3*i**2 - 2*i. Let a(k) = 3*k**2 + 11*k - 17. Let l be a(-5). Determine o(l).
21
Let h(p) = p + 5 + 5 + 4 - 5 - 3. Give h(-3).
3
Let t(z) = 22*z + 2. Let m(s) = -285*s - 27. Let u(x) = 2*m(x) + 27*t(x). Calculate u(-1).
-24
Let k(w) = -2*w - 6. Let q be (17/17)/(2/6). Suppose 4*b = 5*v - 29, v - q*b = 3*v - 7. Determine k(v).
-16
Let o(y) = -9*y**3 + 8*y**2 + 8*y - 17. Let h(v) = -4*v**3 + 4*v**2 + 4*v - 8. Let p(w) = 7*h(w) - 3*o(w). Calculate p(4).
11
Let a(b) = b**3 + 7*b**2 + 4*b - 1. Let t be a(-4). Suppose -z + 33 = t. Let r(w) = 2*w**3 - 3*w**2 + 2*w - 2. Calculate r(z).
6
Let m = -4736 - -4733. Let f(u) = 7*u + 10. Let z(n) = -6*n - 9. Let y(t) = -5*f(t) - 6*z(t). Give y(m).
1
Let j(r) = 354*r - 347*r - r**2 + 10 + 0. Determine j(7).
10
Let d(m) = 6*m + 11. Let v(l) = 7*l + 12. Let a(w) = 6*d(w) - 5*v(w). Suppose -5*s - 2 = 58. Let k be s/(-42) - 88/14. Calculate a(k).
0
Suppose -2*v = -1594 + 1590. Let d(y) be the first derivative of -y**3 - 1. Determine d(v).
-12
Let f(q) = -3*q - 3 + q - 4*q**2 + 2*q**2 + 6. Let o be ((-43)/(-55) - (-4)/(-22))*-5. Give f(o).
-9
Let v(n) = -2*n - 7. Let f(b) = 4*b + 18. Let k(q) = -2*f(q) - 5*v(q). Suppose 4*w - 1 + 0 = -u, -5*w + 5 = 2*u. Suppose -u = 4*g + 3. Calculate k(g).
-5
Let b be ((-8)/(-10))/((-1140)/(-75) - 15). Let r(g) = g**2 - 5*g + 10. Give r(b).
6
Let j(o) = 5*o - 2. Suppose 0 = 1076*w - 1074*w + 10. Calculate j(w).
-27
Suppose -65 = -5*i - 3*a, -3*a - 30 = -5*i + a. Suppose 60 = 5*c - 5*s, -i = -c - 4*c - 5*s. Let j(o) = o**3 - 6*o**2 - 6*o - 7. Determine j(c).
0
Let x be 9/6 + (-6)/4. Let q(w) = w**3 - w**2 - 5. Give q(x).
-5
Let c be 3/(-3 - -6) - -3. Suppose 3*f = -c*o + 5, f + 2*f - 1 = -2*o. Let b = -5 + o. Let d(w) = w**3 + 4*w**2 - 4. Determine d(b).
5
Let n(d) = 2*d**2 - 2*d - 3. Let w be n(-3). Let q = w - 27. Let z(r) = -8*r - 4 + 2 - r**2 - 4. Give z(q).
6
Let g(z) be the third derivative of z**4/24 + 10*z**3 + 18*z**2 + 3. Calculate g(0).
60
Let m(p) = 203*p + 206*p - 406*p - 12. What is m(-5)?
-27
Let c(p) = -11*p - 3. Let k(w) = 10*w + 1. Let n(h) = -4*c(h) - 5*k(h). Determine n(-6).
43
Let y(u) = -53*u**2 - 64*u**2 + 0*u + 3*u + 1 + 113*u**2. Calculate y(-2).
-21
Suppose 0 = 3*a - 3*j + j - 15, -j = 0. Let c(p) be the first derivative of -p**2/2 + 4*p - 349. What is c(a)?
-1
Let z(t) = t**2 + t - 2. Suppose 2*n - g = -3*n, 5*n + 5*g - 30 = 0. Let k(q) = 0*q + q**2 + 2*q - 2*q**2 + 0 + n. Let x be k(3). What is z(x)?
0
Let f = 983 + -987. Let d(z) = z**3 + 3*z**2 - 6*z - 2. Give d(f).
6
Suppose -5 = -3*u + 13. Let z = -70 + 116. Let j(p) = -6*p + 46 + p**2 + z - 91. Determine j(u).
1
Let j(z) be the second derivative of z**4/12 + z**3 - z**2 + 4*z. Let b(i) = 3*i**2 + 13*i - 5. Let s = -1 + 6. Let p(x) = s*j(x) - 2*b(x). What is p(3)?
3
Let k(q) = -q - 2. Let f(z) = -z + 1. Let u(y) = 4*f(y) + 2*k(y). Let n = -123 - -124. What is u(n)?
-6
Let m(r) = -r**2 - 7 + 7316*r - 6 - 7324*r. What is m(-4)?
3
Let n be (-12)/(-30)*(-2 - -17). Let u(a) = -1 - 2*a - n*a + 17*a - 8*a. Determine u(3).
2
Suppose -42 + 36 = n. Let s(b) = 4*b - 1. Determine s(n).
-25
Let v(p) = p**2 - 8*p - 11. Let m = -139 + 147. Determine v(m).
-11
Let w = -1988 - -1995. Let z(k) = k**2 - 6*k - 1. Calculate z(w).
6
Let u(t) = -t**2 + 2*t + 4. Let d = 22 + -18. Let c be u(d). Let y be 1*(-2 + (c - -7)). Let x(m) = -7*m**2 + 2*m - 1. Calculate x(y).
-6
Let v(g) = 4*g - 3. Let n(a) = -12*a + 9. Let w(o) = -6*n(o) - 17*v(o). Let r be w(2). Let x(b) = b**3 - 4*b**2 - 5*b + 4. Give x(r).
4
Let k be (-16)/(-6 - -14) - (0 + 3). Suppose -2*p - 9 = -5*m, -2*m - 3*p - 3 - 1 = 0. Let v(l) = 2*l + 2*l - m + l**2 - l. What is v(k)?
9
Let r(u) = u**3 - u**2 + 1. Let w(f) = f**3 - f + 2. Let o(n) = -3*r(n) + 2*w(n). Give o(2).
1
Let y(i) = i**3 - 11*i**2 - 2*i + 9. Let c(f) = -12*f**3 - 2*f**2 + 1. Let h be c(-1). Determine y(h).
-13
Let j(t) = -t**2 - 5*t. Let w be j(-3). Suppose -w = -3*g